11, 19
Suppose -u - 10 = -2*d, -12 = u - 5*d + 10. What are the prime factors of (u/(-4) + -3)*-12?
2, 3, 5
Let t(a) = 28*a. Let i be t(1). Suppose l = -5*c + i, -4*l + 5*c = -9*l + 120. Suppose 0 = f + 2 - l. What are the prime factors of f?
3, 7
List the prime factors of 58175/39*(1 - -2).
5, 179
Let y(j) = j**2 - 2*j. Let v be y(4). Suppose 0 = -f - 0*f - 2. Let z = v + f. List the prime factors of z.
2, 3
Let u = 53 + -49. Suppose -h + 117 = 3*c, h - 2*c = -u*c + 120. What are the prime factors of h?
2, 3, 7
Let u(j) = j**3 - 9*j**2 + 9*j + 4. Let v be u(8). Suppose -5*n + 3 + v = 0. Suppose i = 4*i - 4*g + 5, n*g - 10 = i. What are the prime factors of i?
5
Let j(y) = 72*y**2 - 6*y - 31. What are the prime factors of j(-3)?
5, 127
Suppose -4*q + 9040 = q. Let d be (-4)/18 - q/(-36). What are the prime factors of d/3 + 2/(-3)?
2
Let k(j) = -8*j**3 - 4*j**2 - 3*j - 3. Let q be k(-3). Suppose 2*z + q = 5*z. List the prime factors of z.
2, 31
Suppose z - 422 = -z - 4*t, -5*t = -15. Suppose -3*o = -z - 104. List the prime factors of o.
103
Let v = 117 - 42. Suppose 2*s - v = -s. What are the prime factors of s?
5
Let w(g) = -g**2 - 8*g + 1. Let q be (-9 - (-1 + 4)) + -3. Let p = -21 - q. What are the prime factors of w(p)?
13
Suppose -c = -3*k - 891, -2*c = -8*k + 11*k - 1809. What are the prime factors of c?
2, 3, 5
Suppose -16*t + 29*t - 78 = 0. Let y(j) = j**2 - 6*j + 5. Let f be y(7). What are the prime factors of f/(-5)*(-15)/t?
2, 3
Suppose -2*g + 81 = g. Let x(o) = -o**3 + 7*o**2 + 10*o - 11. Let d be x(8). Suppose -b = -g + d. List the prime factors of b.
2, 11
Let s(v) = 9*v**2 - 2*v - 15. Let g be s(6). Let u = g + -118. What are the prime factors of u?
179
Suppose 0 = -5*b + 3*s + 534, 4*s = 4*b + s - 426. What are the prime factors of b?
2, 3
Let v(f) = 95*f**2 + 2*f - 3. Let n(u) = 48*u**2 + u - 1. Let a(r) = 5*n(r) - 2*v(r). What are the prime factors of a(1)?
2, 13
Let a be ((-17)/(-2))/((-18)/36). Let c = -4 + a. Let h = 55 + c. List the prime factors of h.
2, 17
Let p(d) = -d**3 + d**2 + 2*d + 1296. Suppose 21*b = 25*b. Let u be p(b). List the prime factors of (-1)/5 + u/30.
43
Suppose a - 94 - 3 = 0. Let b = a + -92. List the prime factors of b.
5
Let w = -34 - -150. List the prime factors of w.
2, 29
Let x = 3 + 3. Let z(g) = -g**3 + 7*g**2 - 6*g - 4. Let h be z(x). List the prime factors of (2*h)/(2/(-6)).
2, 3
Let f = 715 + -499. Let l = f + -99. What are the prime factors of l?
3, 13
Let p = -1497 + 972. List the prime factors of (-70)/p - ((-1468)/15 + 1).
97
Let a be -2 + 36/21 - (-472)/(-14). Let p = a + 138. What are the prime factors of p?
2, 13
Let x(q) = -q. Let v be x(-2). Suppose 3*y + g = 146, 4*g = -v*y + 94 - 0. Suppose -131 = -2*z - y. List the prime factors of z.
41
Let f(b) = -b**3 - b**2 - 4*b - 17. Let a be f(13). List the prime factors of 15/25 + a/(-25).
2, 7
Let y be 2/(-8) + (-4 - 12654/(-24)). Let u = -252 + y. List the prime factors of u.
271
Let i(q) = q**2 - 15*q - 10. Let s be i(14). Let h = 79 + s. What are the prime factors of h?
5, 11
Let g be 10/8*(-5 - -9). Suppose -5*m + 785 = -g*q, 0*q + 783 = 5*m - 4*q. List the prime factors of m.
5, 31
Let o be 0/((3 + 1)/(-2)). Let p = o - 2. List the prime factors of p/(-6) + (-190)/(-6).
2
Let b = 282 + 439. List the prime factors of b.
7, 103
Let k(a) = -a**3 + 12*a**2 - a + 12. Let h be k(12). Suppose 3*d + x = d + 29, h = -5*d + 3*x + 67. Suppose -17*w = -d*w - 159. List the prime factors of w.
53
Let s be (10/8)/((-21)/(-84)). Suppose -3*v - 5*j = -j - 183, -s*v - 4*j = -305. What are the prime factors of v?
61
Suppose 0 - 4 = -d. List the prime factors of (6 - d)/((-4)/(-22)).
11
Suppose -g = -1, -w - 31 = -5*w - 3*g. Suppose 8 = 3*h + y, -y + 3 = w. What are the prime factors of h?
2
Let h = -213 - -304. What are the prime factors of h?
7, 13
Let d(b) = 3*b**2 - 29*b + 117. What are the prime factors of d(9)?
3, 11
Let d(x) = 4*x**2 + 7*x - 7. Let f(u) = u. Let b(k) = d(k) - 6*f(k). List the prime factors of b(-3).
2, 13
Let b = 19 - 14. Suppose b*o - 37 = -2. List the prime factors of o.
7
Let b be 0/(-4*(-3)/(-6)). Let a be -8*(3/(-12) + b). Suppose 4*u - a = -3*r - u, 28 = 5*r - 4*u. List the prime factors of r.
2
Let u(r) = -r + 20. Let m be u(16). What are the prime factors of (m/6)/((-6)/(-1494))?
2, 83
Let i = -594 - -973. What are the prime factors of i?
379
Let z = 7 + -4. Suppose -z*g + 4 = -8. Suppose 57 = g*m - m. List the prime factors of m.
19
Let m be 11/(-33)*(-83 - 1). Suppose -f = -93 + m. What are the prime factors of f?
5, 13
Suppose 2*k + 11561 = 5*p - 9314, -2*p + 8379 = 5*k. What are the prime factors of p?
4177
Suppose -3*d - 3*i + 4629 = 2*i, -3073 = -2*d + i. List the prime factors of d.
2, 769
Suppose -7*r = -10*r + 3, -5*u - 4*r = -27524. What are the prime factors of u?
2, 43
Suppose 7*i - 3*i = r + 72, 0 = -2*r - 5*i - 92. What are the prime factors of -2 - (-4 - 1) - r?
59
Suppose -28 = -0*q - 4*q. Let f(s) be the first derivative of s**3/3 - 4*s + 11. List the prime factors of f(q).
3, 5
Let t(i) = -1332*i - 46. List the prime factors of t(-1).
2, 643
Let d(g) = 22*g**3 - 2*g + 2. Let z be (-15)/(-20) + 2/8. List the prime factors of d(z).
2, 11
Let c = 721 - 144. List the prime factors of c.
577
Let d be -3 + (-1)/((-2)/(-3) + -1). Suppose d = -4*m - 4*k + 140, 2*k = -4 + 6. What are the prime factors of m?
2, 17
Let f(t) = -t**2 + 14*t + 14. Let v be 2/3 + (-13)/(-3). Suppose -38 + v = -3*y. List the prime factors of f(y).
47
Let u(n) = -n**3 - 8*n**2 + 12*n + 27. Let q be u(-9). Suppose 6*j - 1518 = -q*j. List the prime factors of j.
11, 23
Suppose -3641 = 45*w - 56*w. What are the prime factors of w?
331
Let t = 1442 + -817. List the prime factors of t.
5
Suppose -2*u - 2*u - 44 = 0. Let l be (-4 - (-12)/4)*u. Let i = l + -5. What are the prime factors of i?
2, 3
Suppose t - 5*t - 56 = 0. What are the prime factors of t - -18 - -3*11?
37
What are the prime factors of ((-864)/5)/((-34)/85)?
2, 3
Suppose -y + 9 = 3*t, -y + t - 2*t = -11. Suppose -y*p + 350 = -598. List the prime factors of p.
79
Let a(t) = 13*t - 451. Let f be a(32). Let g be (-424)/14 - 4/(-14). Let b = g - f. List the prime factors of b.
5
Let c = 914 + -294. List the prime factors of c.
2, 5, 31
Suppose -2*g + 18 = 3*l, 3*g + 14 = l + g. Suppose 3*b - 168 = -3*w, 2*b + w - 101 = l. List the prime factors of b.
53
Let z(j) = -5*j**2 - 4*j - 2. Let x be z(-2). Let d = x - -18. Suppose b + 103 = 2*n, -6*b - 203 = -d*n - b. List the prime factors of n.
2, 13
Suppose -4*y + q = -1311 - 3266, 1148 = y - 4*q. List the prime factors of y.
2, 11, 13
Let h = 64 + -64. Suppose -173 = -5*n + q, h*n + 138 = 4*n - q. List the prime factors of n.
5, 7
Let q(h) = h**3 + h**2 - 4*h + 4. Let z be q(2). Suppose -p + z = -33. What are the prime factors of p?
41
Suppose d + 3 = -2*d, 4*d + 9 = s. Let f be 1 + (-20)/s - -3. Suppose -5*t = 0, q - t = -f*q + 14. List the prime factors of q.
2, 7
Let j = -2009 + 6595. List the prime factors of j.
2, 2293
Let s(m) be the second derivative of 37*m**3/6 - 35*m**2/2 + m - 3. List the prime factors of s(9).
2, 149
Suppose -3*u = 2*j - 1290, -2*u - 4*j + 528 = -324. What are the prime factors of u?
2, 3
Suppose 1 = 2*z - 1. What are the prime factors of z/(10/4) + (-1236)/(-10)?
2, 31
Let a(b) = -b**3 + 9*b**2 + 22*b - 20. What are the prime factors of a(10)?
2, 5
Suppose 3*h = -h + 12. List the prime factors of 32 - ((0 - 0) + h).
29
Let u be -6*-15*85/10. Suppose -7*l + u = -2*l. List the prime factors of l.
3, 17
Let z(k) = -2*k**2 + 4*k**2 - k**3 - 4*k**2 + 4 - 2*k**2 - 3*k. Let s be z(-3). List the prime factors of -1 + 1 + 12/s.
3
Suppose 31 = t + 5*a, -4*a - 4 = -2*t - 2*t. Suppose b - 4*w = 39 + 65, -t = 3*w. Suppose f = -3*f + b. What are the prime factors of f?
2, 3
Let z(r) = -67*r - 2. What are the prime factors of z(-14)?
2, 3, 13
Suppose -4*u + 7*y + 674 = 2*y, 0 = 2*u - 4*y - 340. List the prime factors of u.
2, 83
Let s(z) = 7*z - 8. Let u(f) = -f**2 - 9*f - 9. Let p be u(-7). Let i(c) = 6*c - 7. Let g(b) = p*i(b) - 4*s(b). What are the prime factors of g(13)?
23
Let h(v) = -301*v**3 - v**2 + v + 1. Let s be h(-1). Let r = s - 200. Suppose 2*o - y - 34 = 0, 5*y - r = -4*o - o. List the prime factors o